rime factors of c?
2, 29
Suppose 0 = 7*s - 14. List the prime factors of 52/((s/3)/1).
2, 3, 13
Let l(j) = -2*j - 22. Let m be l(-13). Suppose -4*v + 400 = 3*a, m*a + v - 536 = -3*v. List the prime factors of a.
2, 17
Suppose 13 = 3*k - 2. Suppose -5*r + r - 814 = -5*w, -k*w + 5*r + 815 = 0. Suppose -5*z + w = -m, 170 = 5*z - 3*m - 2*m. What are the prime factors of z?
2
Suppose -16 = -4*p - 5*d, -p = -0*p + 3*d - 4. What are the prime factors of (2/p)/(8/176)?
11
Let f be (-315)/25 - 4/10. Let a(m) = -3*m + 9. Let h be a(-2). Let k = f + h. List the prime factors of k.
2
What are the prime factors of 2659 + ((-40)/60)/(2/3)?
2, 3, 443
Let p be (-2)/((-3)/(-9)*6). Let i be (-39)/(-6) - p/(-2). List the prime factors of 4*i/(36/15).
2, 5
Suppose -46*j - 9*j = -96195. List the prime factors of j.
3, 11, 53
Suppose 0 = -5*u + 5198 + 3187. What are the prime factors of u?
3, 13, 43
Suppose 5*g - 58 = -h, -4*g + 2*h + 16 = -3*g. Let w be (-4 - (g - -2))*2. Let p = w + 95. What are the prime factors of p?
59
Suppose -2*z = -3*x - 0*x + 127, 4*z - 4*x = -248. Let t = z + 115. List the prime factors of t.
2, 7
Let j = 7 + -2. Let q(v) = 10*v - 6. Let k be q(9). Suppose 0 = 4*p + 3*b - k, 0*p = j*p - 3*b - 132. List the prime factors of p.
2, 3
Let u(y) = 6*y**3 + 3*y**2 - 2*y + 4. Let l be u(3). Suppose -2*j + 6*r - r = -l, 3*j = -4*r + 246. What are the prime factors of j?
2, 43
Let u = 6 - -4. Let j = u - 10. Suppose 0 = 2*f + 2*a - 50, j*f + a = -4*f + 103. List the prime factors of f.
2, 13
Let y(d) = -43*d**2 - 2*d + 1. Let p be y(1). Let f = -31 - p. What are the prime factors of f?
13
Let l(q) = -2*q + 6. Let a be l(7). Let s(b) = -19*b - 2. Let p be s(a). Suppose -6*i + p = -i. What are the prime factors of i?
2, 3, 5
Suppose -4*t + 5*q + 26 = 0, 5*t - 3*q - 9 = 17. Suppose -d + 90 = -a, -t*d + 360 = 5*a - a. What are the prime factors of d?
2, 3, 5
Let b(q) = -q. Let a(g) = -g**2 - 4*g - 1. Let m(s) = -a(s) + 3*b(s). Let h(n) = n**2 + 2*n + 2. Let d(o) = -2*h(o) + 5*m(o). List the prime factors of d(2).
3, 5
List the prime factors of 13 + -3 + 4 + -2.
2, 3
Suppose 690*r + 24 = 688*r. Let t be (-1)/3 - (-178)/(-6). Let m = r - t. List the prime factors of m.
2, 3
Let u(h) = 69*h**2 - 236*h - 4. List the prime factors of u(8).
2, 631
Suppose -4*y + 7918 = -2*v, -2592 = -y - 2*v - 600. List the prime factors of y.
2, 991
Let r be -2 - (-1 + -3) - 3. List the prime factors of r*((-502)/7 - (-2)/(-7)).
2, 3
Let o(f) = -8*f - 236. List the prime factors of o(-40).
2, 3, 7
Let u(d) be the second derivative of -d**3/6 - 6*d**2 + 2*d. Let s be u(-17). Suppose v = s*v - 164. What are the prime factors of v?
41
Let d(s) be the second derivative of -1/3*s**3 - 11/2*s**2 + 7*s + 0. What are the prime factors of d(-10)?
3
Let s = 295 + 382. List the prime factors of s.
677
Suppose 4*l - 2382 = -l - 2*n, -2*n - 950 = -2*l. Suppose -8*b = -15*b + l. List the prime factors of b.
2, 17
Let q = 17 + -23. Let l be (3/q)/((-1)/24). Suppose -7*g = -l*g + 25. List the prime factors of g.
5
Let u(f) = 0*f + 2*f**2 + 1 - 2*f + 0*f + 28*f**3. Let t be u(1). List the prime factors of 2 + -1 + (t - 9).
3, 7
Let q = 5 - 0. Let b(g) = -g**3 + 8*g**2 + 5*g - 3. List the prime factors of b(q).
97
Suppose 5*j - 5 = -4*q + 6, -3*j + 4*q = 19. Let z be j + 2 + 1 + 13. List the prime factors of (z - -4) + 2 + -3.
2, 3
Suppose 5*x + 34 = 3*s, -4*s + x = -2*s - 11. Suppose 2*i = 5*n - 9, 0*i + i = 2*n - s. List the prime factors of i.
3
Let a(n) = n**2 + 13*n - 32. Let b(d) = -d**2 - 13*d + 36. Let y(f) = 7*a(f) + 6*b(f). Suppose v + 2 = -13. List the prime factors of y(v).
2, 11
Suppose -l + 2*k + 49 = -2*l, 3*k - 138 = 3*l. Let d = l - -145. What are the prime factors of d?
2, 7
Suppose -3*v = -v + 2*p + 48, 12 = -3*p. Let a = v + 12. Let q = 11 + a. List the prime factors of q.
3
Let u(f) = 7*f + 69. Suppose 0*j = 2*j - 4, 0 = -3*c - 4*j + 74. What are the prime factors of u(c)?
223
Suppose 10339 = -18*q + 25*q. List the prime factors of q.
7, 211
Suppose 0 = -i - 526 + 51. List the prime factors of 1/((-955)/i - 2).
5, 19
List the prime factors of 993 - (11 - (2 - -3 - -2)).
23, 43
Let c(m) = 1. Let h(a) = a - 20. Let j(w) = -4*c(w) - h(w). What are the prime factors of j(9)?
7
Suppose -43*z = 76899 - 326127. List the prime factors of z.
2, 3, 7, 23
Let k(r) be the first derivative of r**3/3 + 13*r + 8. List the prime factors of k(7).
2, 31
Suppose -x + 3*x = 3*v - 8, 5*v - 7 = -3*x. Suppose -v*t = -j + 2, 5*j - t = -2*t + 21. Suppose -j*q + q + 138 = 0. What are the prime factors of q?
2, 23
Suppose -6249 = -2*h + 2*g + 2307, 0 = 2*h + 4*g - 8586. What are the prime factors of h?
4283
Let o(m) = -72*m - 161. What are the prime factors of o(-5)?
199
Suppose -142 = 3*q + 101. Let x = -49 - q. Let r = x - -8. What are the prime factors of r?
2, 5
Suppose -2*s + 8 = 0, -16 = b + 2*b - 4*s. Suppose 2*n = n - 3*o + 136, b = -n + 3*o + 166. What are the prime factors of n/9 + (-16)/(-72)?
17
List the prime factors of -2 + (-3 - 3) + 978.
2, 5, 97
Let z be (8/5)/(-2)*-25. Let i be (3 - z/8)*32. Suppose i = -4*a + 124. What are the prime factors of a?
3
Let m(c) = -5*c**2 + 9*c - 2. Let x(q) = -q**2. Let s(t) = m(t) - 4*x(t). Let v be s(9). What are the prime factors of 19 + (v - (0 - 1))?
2, 3
Suppose 1 = 5*s - 4. Let r be (s - 58/6)*-3. Suppose -4*n - 6 = -r. What are the prime factors of n?
5
Let z(d) = d**3 - 7*d**2 + 9*d + 3. What are the prime factors of z(9)?
2, 3, 41
Let j(a) = -a**3 - 5*a**2 - 6*a - 4. Let q be j(-4). Suppose q*t - 3*i - 35 = 2*t, 0 = -4*t - 2*i + 110. List the prime factors of t.
5
Let y = 219 - -713. What are the prime factors of y?
2, 233
Let h(s) = -2*s**2 + 67*s + 32. What are the prime factors of h(8)?
2, 5, 11
Let v be 2*(-2)/(-1 + -3). Let m(j) = 54*j**3 + j**2. What are the prime factors of m(v)?
5, 11
Suppose 2*o + 550 = 2*g, -3*o + 274 = 2*g - 251. Suppose -g = 2*t - 7*t. Suppose -3*a = -39 - t. List the prime factors of a.
31
Let l(n) = 11*n**3 + 8*n**2 - 4*n - 17. What are the prime factors of l(7)?
2, 5, 103
Let k = -77 - -70. Let m = k + 13. What are the prime factors of m?
2, 3
Suppose -d + 18 = 3*a, 5*d + 2 + 8 = 5*a. Suppose 17 = z + 3*x - d, 36 = 5*z - x. Let f(u) = u**3 - 8*u**2 + 5*u - 12. List the prime factors of f(z).
2, 7
Let w = 21 - -54. Let z = 122 - w. What are the prime factors of z?
47
Suppose -5*l = -l + 4*g - 2548, 5*l - 3197 = -2*g. What are the prime factors of l?
641
Suppose -c + 5*y = 7, -2*c = -c + 2*y - 21. Suppose -2*f - 65 - c = 0. Let z = f + 64. List the prime factors of z.
5
Let j(v) = -v**2 - 13*v + 50. Let n be j(-16). Suppose -n*m = -m - 4*p - 189, 3*m = -5*p + 567. List the prime factors of m.
3, 7
Let w(x) = 2*x**2 - 11*x - 94. Let d be w(10). Suppose 0 = 5*s - 27 - 53. Let o = s + d. List the prime factors of o.
2, 3
Suppose -8*y + 12393 = -223. What are the prime factors of y?
19, 83
Let q = 33 + -6. Suppose 0*u + u = 2*i - 6, 3*i + 3*u - q = 0. List the prime factors of i.
5
Let w be ((-36)/27)/((-4)/270). Suppose d = -d + w. What are the prime factors of 579/d - (-4)/30?
13
Suppose 5*k + 3*o - 5 = -2*o, -k + o - 1 = 0. What are the prime factors of 9/(-3) - (-25 + k)?
2, 11
Suppose 6 = 5*q + 26, -2*h = 2*q - 2176. List the prime factors of h.
2, 3, 7, 13
List the prime factors of (-9)/4*(-100)/75*361.
3, 19
Let b = -21 - -23. Let c(m) = m**2 - 2*m + 3. Let l be c(b). Suppose q = -j + 13, -j = -q + l*j + 3. What are the prime factors of q?
11
Let a(h) = 2*h - 10. Let u be a(7). Suppose -3*r + 373 = u*b, 63 = 3*b + 4*r - 208. List the prime factors of b.
97
Suppose -q = 231 - 74. Let k = -91 - q. List the prime factors of k.
2, 3, 11
Let q = -768 + 1195. What are the prime factors of q?
7, 61
Suppose -31*g = -32*g + 4. List the prime factors of (34/g)/((-2)/(-8)).
2, 17
Let z = 25 + -7. Suppose 0*i + z = 2*i. Let d(g) = g + 6. What are the prime factors of d(i)?
3, 5
Let c(r) = -r**3 - 2*r**2 + 5*r - 2. Let v(a) = a + 2. Let g be v(-9). Let x be c(g). Suppose 7*p - x = 3*p. List the prime factors of p.
2, 13
Let z = 1943 + 1990. List the prime factors of z.
3, 19, 23
Suppose 2*t - v = 4*t - 88, 0 = -3*t - 5*v + 146. Suppose -2*g + t + 16 = 0. Suppose 0 = -w + 11 + g. What are the prime factors of w?
2, 